 a composite number?
False
Let w(p) = p**3 + 6*p**2 + 3*p + 8. Let m be w(-6). Let t be 8/(-5)*(-25)/m. Is -1 - (t + 0)*11 composite?
False
Suppose -5 - 23 = -7*a. Suppose -5 = l - a*n, 2*n = l - n + 3. Suppose 3*m = 4*j + 191, -3*m - 2*j - l*j + 227 = 0. Is m a prime number?
False
Let x(w) = -21254*w - 8463. Is x(-38) a composite number?
True
Let g(k) = -206*k + 20. Let i be g(-4). Suppose -2*w = 2*w - i. Is w composite?
False
Let i(b) = 376*b**3 + 9*b**2 - 59*b + 153. Is i(10) a composite number?
False
Suppose -2*b = -2*f - 205048, 4*b = 285*f - 283*f + 410094. Is b a composite number?
False
Let r(i) = i**3 - 9*i**2 + 16*i + 7. Let p be r(7). Let j(d) = d**3 - 22*d**2 - 15*d - 4. Let t be j(p). Let k = 1934 + t. Is k composite?
True
Let j be 1 + (5 - -185051) + -5. Suppose 50*s + j = 62*s. Is s a composite number?
True
Let u be (-3)/((-6)/4)*1. Let h(w) = -7*w - 2 + 12*w**2 - u*w - 18. Is h(-3) a composite number?
True
Let t be 6/(-8) - 16326/(-8). Suppose -r + 3 = 0, 2*d - 4*r = 17360 - t. Suppose 0 = 2*w + 2*l - 5156, -5*w - d + 20566 = -5*l. Is w a composite number?
False
Let u = -189641 + 380740. Is u prime?
True
Suppose 4*r = 8 + 8. Suppose -2*h - 34 = -u, h - 5 = -r. Is (-4*(-33)/u)/((-2)/(-102)) prime?
False
Suppose 426992 = 3*k + 13*k. Is k prime?
True
Let h = -21500 + 44229. Suppose 0 = -44*k + 37*k + h. Is k prime?
False
Suppose 3*r = 2*a + 157861, -3*r - 157867 = -6*r + 5*a. Suppose 4164 - r = -5*x. Is x composite?
True
Suppose -2*z = -6*l + 5*l + 43342, -5*l - 5*z = -216740. Is l prime?
False
Let z(l) = 8510*l + 79. Let d = 262 - 259. Is z(d) a prime number?
True
Suppose 2 = y - i - 2, -3*i + 28 = 5*y. Suppose -2 = -y*m - 17. Is ((m - -3 - 3359)/1)/(-1) a prime number?
True
Let t = -101687 + 308070. Is t a composite number?
False
Suppose -9260 = -9*b - 11*b. Suppose 0 = -471*j + b*j + 10344. Is j composite?
True
Suppose 11*x - 8*x - 54 = 0. Suppose 0 = 22*p - x*p + 75872. Is (7/28)/((-2)/p) a prime number?
True
Let m(t) = 28*t**2 + 75 - 26 + 10*t + 22*t**2 + 28*t**2. Is m(-5) a composite number?
False
Let g = -23 - -38. Suppose -27988 = -g*z + 19*z. Let t = -4494 - z. Is t prime?
True
Suppose 14*g - 3*g - 1122649 = -0*g. Is g a prime number?
True
Let a(x) = -143*x + 32. Let b be a(11). Let f = -678 - b. Let n = f + 930. Is n prime?
False
Suppose -2*x + 0*q = -4*q + 328, 4*x = -2*q - 696. Let s = x + 54. Let n = s - -567. Is n composite?
False
Suppose 0 = n + 3*n - 96. Let z = -30 + n. Let c(u) = 2*u**2 + 11. Is c(z) a composite number?
False
Let b be (-156*3)/((3 - 3) + 1). Let i = 989 + b. Is i a composite number?
False
Is 197853*(-4)/(-24)*2 a prime number?
True
Let a(d) = d**3 - 41*d**2 + d - 25. Let v be a(17). Let f = -1693 - v. Is f a prime number?
False
Is (3 + 248*-577)/((-4)/4) a composite number?
False
Let b(k) = -77*k - 13. Let m be b(7). Let d = 1669 + m. Is d composite?
False
Let w = 2147247 - 1335058. Is w a composite number?
True
Let a = 147 - 136. Suppose 2882 = -a*i + 14179. Is i composite?
True
Suppose 814333 = -3*s + 40*s. Is s a prime number?
False
Is -288844*9/24*(-2)/3 a composite number?
False
Is 19225 - 3/(22/4 - 5) composite?
False
Suppose 8*m + 5*m = -24531. Let z = 15805 + m. Is z composite?
True
Let s(l) = -2*l**3 + 14*l**2 - l + 9. Let a be s(7). Suppose z + 3296 = a*x, -3*z = -3*x - 7*z + 4966. Let g = x - 1171. Is g composite?
False
Let u(j) = -433*j - 110. Let w(x) = 4*x - 135. Let z be w(33). Is u(z) composite?
True
Let o(u) = 4*u**3 - 5*u**2 - 10*u - 6. Let p be o(5). Suppose 1139 = 2*h + p. Let i = 739 - h. Is i a composite number?
True
Let u(h) = 195*h**3 - 15*h**2 + 67*h - 470. Is u(7) a composite number?
True
Suppose 14*t + 8 = 18*t. Suppose -t*m + 8*m = 18. Suppose 0 = m*q - u - 488, -2*q = u - 0*u - 317. Is q a composite number?
True
Is -9 + 0 - (-27 - 681205 - (-3 - -1)) prime?
True
Let r = 617 + -159. Let v = r - 229. Suppose 4*u = 787 + v. Is u prime?
False
Let f = 2858 + -5270. Let c = f + 8575. Is c a composite number?
False
Let d be (-120043)/(-49) + 9/63. Let r = d - -7557. Is r prime?
True
Let g(k) = -k - 2. Let t be g(-4). Suppose 3*c - 3 = -3*j + 2*j, -j = t*c - 4. Suppose 2465 = j*f - 2041. Is f composite?
False
Let h = -92 + 109. Let z be h + -84 - -2*(-1 + 2). Let m = 1022 - z. Is m prime?
True
Suppose 3*k + k - 12 = 0. Suppose -9*q - 45 + 72 = 0. Suppose k*u + l = 396, 2*l = 3*l + q. Is u composite?
True
Suppose -3*c + c + 233828 + 1011198 = 0. Is c prime?
True
Suppose 29*w - 785451 = -22*w. Is w a prime number?
True
Let j(r) = -r**3 + 7*r**2 - 33*r - 3. Let i be j(16). Let x = i + 5242. Is x a prime number?
False
Let t = 230 - 248. Is 674*(t/(-8))/(9/6) a composite number?
True
Let t(s) = 12*s + 1. Let g be t(-4). Let d be (0 - -77) + (17 - 8). Let m = d + g. Is m prime?
False
Suppose 43029 = -3*a - 3*o, -35*o + 14359 = -a - 40*o. Let q = -9556 - a. Is q a composite number?
False
Suppose 4*b = -106*w + 110*w - 2066936, w - 2*b = 516735. Is w a composite number?
True
Suppose 34 - 150 = -29*b. Suppose -b*l + 0*l = 16, c - l - 2817 = 0. Is c a composite number?
True
Suppose 0 = -9*f - 23*f + 1402976. Is f composite?
True
Is 381/635*(-678835)/(-3) prime?
False
Let c(g) = g**3 + 3*g**2 - 9*g + 9. Let u be c(-5). Suppose -4*q - 478 + 26554 = u*y, -4*q + y = -26086. Is q a prime number?
True
Suppose -36*h + 18934 + 1054190 = 0. Is h composite?
True
Suppose 10*n = 4*x - 1187824, 5*x - 16*n + 21*n = 1484675. Is x a prime number?
True
Is 7/(1*(-4)/(-86228)) prime?
False
Let z = 1148779 + -530696. Is z composite?
False
Let h = 70716 - -126353. Is h a composite number?
True
Let t = -76 - -52. Let n = t - 150. Is (n/(-9))/(2/33 + 0) prime?
False
Let j(v) = v**2 + 4*v. Let f be j(-4). Suppose 0 = u - 4*u - n + 6, f = -4*u + n + 15. Suppose -7*a + 4348 = -u*a. Is a a composite number?
False
Let x = 3692 + 1549. Let k = x + -812. Is k a prime number?
False
Let r(u) be the first derivative of 28*u**3 - 7*u**2/2 + 107*u + 12. Is r(-12) composite?
True
Suppose -4*j + 2*g + 535 = j, -g = 2*j - 214. Let n = -108 + j. Is n/(-1) - -380 - (-51 - -53) composite?
False
Let v(g) = 1554*g**2 - 110*g + 805. Is v(6) composite?
True
Let u(i) = -3*i + 38. Let h be u(12). Let k be (h - 1)*(12 - 10). Suppose -10*o + 2328 = -k*o. Is o prime?
False
Let i = 7327 + -3403. Let v = 5771 - i. Is v a composite number?
False
Suppose 37 = 7*m + 2. Suppose 7*r = -m*r + 108. Is (1838/8)/(r/36) prime?
True
Is ((-5)/2 + 0)*106346882/(-515) a prime number?
True
Suppose 29*x - 14315863 = 24960838. Is x a prime number?
False
Let z = 183 - 121. Let u = -154 - -155. Is (z/(-8))/((0 + u)/(-116)) prime?
False
Suppose 0 = 3*u + 2*v - 7, 5*u = 3*u - 4*v - 6. Suppose -3*a - 9 = -0*r - 2*r, -10 = -5*r - u*a. Suppose 0 = r*z - 855 - 1164. Is z composite?
False
Suppose c = 3*b - 17, 7 = 3*c + 13. Suppose 44163 + 5416 = b*h + 2*l, -3*l - 9 = 0. Is h a composite number?
True
Let j(t) = 125*t**2. Let b be j(-1). Let m be (1 + 11/(-2))/((-16)/224). Let l = b - m. Is l a prime number?
False
Let c be 1 + 2 - (2 - -1 - 2). Suppose -4*b = 0, -c*b = -5*s - 5*b. Suppose s = -5*x + 4681 + 4464. Is x prime?
False
Suppose 5*h - 550776 = -4*i, -5*h = -687*i + 683*i + 550816. Is i a prime number?
True
Suppose 32*f - 29*f - 4*g - 111649 = 0, 0 = -f + 3*g + 37223. Is f composite?
True
Let b(g) = -24 + 31 + 2*g**2 - 15*g + 0*g**2. Let q be b(7). Suppose q = -4*f + 2*j + 9176, -3*j = 2*f - 2986 - 1594. Is f a prime number?
True
Is (-24)/(-72) + (-21913840)/(-60) a composite number?
False
Let f(p) = 671*p - 41. Let x = 281 + -276. Is f(x) a prime number?
False
Let c = 28338 + -14340. Suppose -2*k + j + 4*j + c = 0, 2*k - 13998 = 2*j. Is k prime?
False
Suppose 0 = -4*j + 16, s - j + 11536 = 43845. Suppose -b + u - s = -4*b, -4*b + u = -43084. Is b a composite number?
False
Let q be 6*11/((-297)/(-18)). Suppose 4*t = t + 3, o - q*t - 831 = 0. Is o composite?
True
Let u = 691662 + -181363. Is u prime?
True
Let c be 882/(-30) - 6/(-15). Let f = -19 - c. Let t(i) = 15*i - 1. Is t(f) a prime number?
True
Let z = 1183 + -2155. Let q = z + 3101. Is q prime?
True
Suppose 4*f - 5*y = 30, 2*f - 2*y = 9 + 5. Let m be -2 - (1 - (5 + -3)). Is (117 - f) + m + 2 composite?
False
Let j be 2/(-7) - 408/42. Let l(g) = 76*g**2 - 7*g - 17. Let t be l(j). Let c = t + -360